
-7
What is the value of -15 + 16 + -24 + 20?
-3
What is (-3 - (-17 + 12)) + -5 + -4?
-7
Calculate -9 - (-9 - 8) - (-6 + 5 + 1).
8
Evaluate 54 + -22 - 30 - (-1 + -15).
18
What is the value of 8 + (4 - (-2 + -3 + 4))?
13
1 - ((1 - (-9 - 0)) + (-167 - -147))
11
-40 + 19 + 13 - (-23 - 2)
17
What is the value of 16 + (-7 - (-23 - -7)) + -9?
16
Evaluate -14 - (-19 - (-35 + 48)).
18
What is the value of -6 + 33 + -24 + -7?
-4
Evaluate -21 + 4 - -11 - (2 + 1).
-9
What is the value of 27 + 6 + -13 - 26?
-6
Evaluate -3 + 4 - (4 + (-4 - 3 - 7)).
11
-61 + 52 - ((47 - 10) + -9)
-37
What is 2 + 4 + (-18 - (9 + -4))?
-17
2 - -8 - (5 - 4) - (2 - 6)
13
Evaluate (7 - -5 - (4 + 17)) + 6.
-3
Calculate 4 + -19 - -44 - 4.
25
84 + -67 - (-3 + -10)
30
What is the value of (-1 - -9) + 3 - 7 - (-2 - -7)?
-1
Calculate -49 - -1 - (83 - 110).
-21
Evaluate -303 - -341 - (-1 + 29).
10
Evaluate -7 - ((8 + -14 + 5 - -5) + -9).
-2
What is (53 - 58) + (23 - -4 - 5)?
17
What is the value of -18 + 15 + (3 + -6 + 12 - 2)?
4
(-18 - 21) + 28 + 9 + 1
-1
What is -3 + (5 - 3) + 2 + -80 + 83?
4
(97 - (-28 + 115)) + -1 + (0 - -2)
11
Calculate -3 + -33 + 16 + 30 + (-5 - -1).
6
Evaluate -6 + (3 - 1) - (-3 + (8 - 5)).
-4
4 + -2 - (-5 + 10 + -8)
5
Calculate 3 + -7 + 7 + 13 + (4 - 8).
12
(-18 - -14) + -4 + (0 - -3) + -3
-8
What is the value of (-2 - -26) + -282 + 254?
-4
19 - (16 + (-12 - -6)) - -7
16
What is (-2 - 6 - (-6 + 0)) + 2 + 1?
1
What is the value of (-24 - -13) + 35 + -41?
-17
Evaluate -5 - -4 - ((2 - 9) + -20 + 31).
-5
What is (1 - 10) + 8 + 16 + -9?
6
Calculate (-11 - (-25 - (-11 - 0))) + -7.
-4
What is the value of -231 - -266 - (1 + 7)?
27
-9 + 5 + -12 + (-9 - -23)
-2
What is the value of -15 + -2 + -1 + -9 + (9 - 8)?
-26
1 - 13 - (342 - 349)
-5
6 - (27 + -15 - -6)
-12
Evaluate 15 + (-36 - (0 - 52)).
31
What is 72 + (-52 - -18) - (6 + 2 + 1)?
29
Calculate 1 - -17 - (401 + -395).
12
-14 + (2 - -11) + -12 - 10
-23
Calculate 79 + -69 + (-19 - (3 - -1)).
-13
What is the value of 15 + (-6 - 5 - 15)?
-11
11 - (-10 - (-3 + 3 + -3 + 0))
18
-2 + 2 - (-1 + (-6 - -10) + -15)
12
What is 2 + (-22 + 10 - -8) + 4?
2
What is the value of 0 + 6 + -172 + 182 - 45?
-29
6 - 9 - -9 - (-8 - 0)
14
What is -32 + (17 - (-11 + 25))?
-29
-13 + 2 - (-19 - -13)
-5
Evaluate (1 - -4) + (13 - (-1 + (-1 - -9))).
11
-1 + -11 + -23 + (-8 - -39)
-4
What is the value of -8 - 0 - (22 - 67 - -26)?
11
What is the value of (8 - (0 + 0)) + (40 - 124 - -86)?
10
Evaluate 9 - (1 - ((-8 - (-1 + -3)) + 9)).
13
0 + (-6 + 3 - (2 + -9))
4
What is 97 + -95 + (11 - 3)?
10
What is -1 + -15 - (-4 - (-16 + 7) - 11)?
-10
What is the value of -63 - -41 - -31 - 15?
-6
Evaluate (-56 - (-55 - -25)) + 23.
-3
5 - (-3 - (8 - 13)) - 5
-2
Calculate 185 + -205 - (-41 + -5).
26
What is (-7 - 5) + (-1 - -11)?
-2
What is (7 + 1 - 11) + (3 - 14) - -5?
-9
What is 5 + -4 + -7 + -2 + 11?
3
What is (80 + -103 - (-41 + 6)) + (-1 - -5)?
16
What is -494 + 490 - (-2 - 0 - -15)?
-17
What is the value of 4 + 2 + 49 + -49 + -4 + 1?
3
1 - -21 - (67 + -69)
24
What is the value of -31 - (-30 - -16 - -1)?
-18
What is -1 - 1 - -4 - (-11 + 25 + -6)?
-6
What is the value of 0 - (-4 + ((-4 - 0) + -1 - -1))?
8
Evaluate 12 + 1 - 5 - (6 - 3) - 30.
-25
What is the value of 17 + -13 + (7 - -1) + (1 - -9)?
22
What is the value of (-14 - -21) + (26 + -13 - -18)?
38
What is 8 - (10 - (6 - 7 - -8 - 2))?
3
What is 35 + -16 - (10 - (-3 - -1))?
7
Evaluate 50 - (-17 + 68) - (-4 - -1).
2
What is the value of -4 + (2 - 0 - 1) + -7 - 1?
-11
Calculate 1 - (4 + -6 + -7 + (26 - 5)).
-11
-3 + (2 - 0 - (6 + -4))
-3
-7 - (-31 + 20) - (12 + 2)
-10
Evaluate 1857 + -1817 + 0 + -63.
-23
What is the value of -2 + (5 + -12 + 20 - -7)?
18
Evaluate 5 + -5 + 10 + 10 + -5 + -3.
12
What is the value of (16 - 13) + -8 + 1?
-4
(4 - (-2 - (-2 - -4))) + (30 - 30)
8
What is the value of 16 + -3 + (32 - 40)?
5
Evaluate -20 + 28 + -35 + 34.
7
Evaluate (24 - (-15 + (7 - -18))) + (-4 - 1).
9
What is 42 + -4 + -67 + 43?
14
-18 + (-37 - -40 - (1 - (5 - 1)))
-12
Evaluate -8 + (12 - (-25 + 37)).
-8
What is the value of 17 + 6 + -122 + 116?
17
What is the value of -14 + (13 - (10 - (15 + -20)))?
-16
Evaluate (-6 - -3) + (0 - 8) + (-28 - -36).
-3
Calculate 2 - (-7 - 19 - -1) - (5 + 0).
22
What is (-2 - 5) + 8 + 0 - (-12 + 2)?
11
-22 + 12 + (29 - (-4 - (-2 + 1)))
22
0 + (10 - (20 - 8)) + -16
-18
What is the value of -1 - 17 - (-376 - -353)?
5
Evaluate -1 + 7 + (-303 - -297).
0
Evaluate 336 + -350 - (-24 - 1).
11
What is 16 - (-5 + -4 + 36)?
-11
What is -18 + -7 + 0 + 18?
-7
Calculate 0 - -4 - (-30 - (-30 + 15) - -13).
6
5 - (6 + (2 - 5) + -8)
10
Evaluate -24 - (-12 - (8 + -14)).
-18
What is the value of (0 + 5 - 2) + (-73 - -91)?
21
(-38 + 2 - -38) + (-1 - -12)
13
What is the value of 4 - (16 + -14 + -11)?
13
Evaluate -10 - ((9 - 27) + -5).
13
What is the value of (29 - -33 - 51) + (-1 - -1) + 2?
13
What is the value of -3 - (8 - (-2 - -15))?
2
Calculate (-6 - (-2 - (-1 - -5) - 7)) + 0.
7
What is the value of -1 - (0 + -11 + -1) - -8?
19
What is the value of 27 + 7 + -11 + -12?
11
What is 1 + -3 + (4 - 4) + -3 + 10?
5
Calculate -14 + 3 + -38 + 27.
-22
Evaluate (46 - 19) + -36 - (-2 + 11).
-18
476 + -465 + (0 - 5)
6
What is the value of 264 + -231 + (-31 - 1)?
1
What is -1704 + 1708 + (16 - -1)?
21
What is (5 - 15) + -3 + -5 + (8 - 2)?
-12
Evaluate 74 - (-23 - -64) - -3.
36
21 - 1 - (1731 - 1693)
-18
18 + -13 - (-5 - (-14 + -3))
-7
8 + -6 + (-18 + 10 - 4 - 6)
-16
What is -15 - ((12 + -3 - 5) + -12)?
-7
20 - 10 - 9 - -3 - (-1 - -3)
2
Calculate 6 + -6 + -37 - -17.
-20
Calculate -16 + 15 - (-27 + -1 + 4).
23
What is the value of 1 + -1 + (-13 + 8 - -15)?
10
Evaluate -13 + (-11 - 12 - -8 - -18).
-10
Evaluate 7 + 4 + -11 + 11 + -10 + -22.
-21
Evaluate 93 + -75 - (10 + 1).
7
What is the value of 8 + 2 + -29 - (-16 + 11)?
-14
Evaluate 70 - 66 - (-1 + 0 + -3 + 6).
2
What is -1 - ((17 - 6) + -16 + -6)?
10
What is 7 + (-3 - ((-4 - -2) + 5 + -8))?
9
8 + (5 - 10) + -12
-9
Evaluate 3 + -6 + (0 + 25 - 15).
7
Evaluate 1 + -1 + (-173 - -152).
-21
Evaluate (-15 - -2 - 2) + (-104 - -111).
-8
Evaluate 2 + -6 - ((-4 - -3) + -12).
9
Evaluate -3 + -8 + 3 - (-234 - -232).
-6
Evaluate 16 + -5 + (0 - (4 + -1)).
8
5 + 1 + -11 + (-7 - (0 - -1))
-13
Evaluate 6 - -9 - (-9 + 6 + 7 + -5).
16
What is 4 + (-3 + 18 - 46) + -2?
-29
What is the value of 1 - 1 - (739 - 733)?
-6
What is 0 + 1 + (7 + 1 - (-10 - -19))?
0
Calculate 1 + 10 + (3 - (9 + -19 + 16)).
8
What is -3 + 42 + -36 + -10 + 0?
-7
Evaluate 22 - -8 - 80 - -32.
-18
Calculate -4 - 0 - -2 - (-6 + -7 + 2).
9
What is the value of 8 - ((13 - -2) + -3)?
-4
What is 1 - -16 - (6 + -1 + -52 + 52)?
12
What is the value of -5 + ((-7 - -19) + 10 - -6)?
23
Evaluate -2 + -12 + (4 - 11) + 8.
-13
7 + (1 - 35) + 26
-1
What is the value of -5 + 12 + -29 + 16?
-6
Evaluate -10 + 13 + -14 + 5.
-6
What is -14 + (33 - 14 - 32)?
-27
What is 12 + (14 + -49 - -21)?
-2
What is the value of 2 + (6 - (0 - 3)) - 5?
6
Evaluate (1378 - 1391) + -13 + -1.
-27
-9 + 5 - -10 - (-4 - -3 - -18)
-11
What is the value of -16 + 13 + (20 - 1)?
16
Calculate -15 + 11 + -3 + 5 + 2 + 3.
3
Evaluate 1 - (22 - 21) - 36.
-36
(4 - (2 + 1 - 11)) + -20 + 0
-8
What is -1069 + 1079 - (-8 + 1)?
17
What is -1 + (0 + 9 - 9)?
-1
What is the value of 17 + (0 - (-14 - -8 - -10))?
13
Calculate (32 - (40 - 4)) + 3 + (0 - 4).
-5
What is 1 + -26 + (6 - -16 - 16)?
-19
What is the value of 30 - (0 + 28 - 0)?
2
14 - (-9 - (23 + -29 - (-2 + 1)))
18
What is the value of 6 + -27 + 13 + 22 - -4?
18
Evaluate -6 - (-16 - (-12 + 5) - -4).
-1
Evaluate 9 - (3 + -1 + (3 - (13 + -10))).
7
What is the value of 1 + -10 + (4 - 12 - 2)?
-19
Calculate 5 - (1 - -3) - (3 - 0 - 15).
13
Calculate -11 + 9 - (5 + (-5 - (0 - 5))).
-7
Evaluate (47 - 0) + -32 - -11.
26
-8 - (-4 + 1 + 3) - (5 + 1)
-14
17 - (2 - (-33 - -32))
14
Calculate -3 + 6 + -3 - (-140 + 141).
-1
20 - (2 - (4 - -5) - -20)
7
What is -29 + -32 + 33 + 59?
31
What is the value of -16 + (4 - (-8 + 12)) + -8?
-24
Calculate 19 + 9 + -24 + 8.
12
What is the value of 9 - ((23 - 15) + -4)?
5
Calculate (-2 - 15) + 18 + (-6 - 6).
-11
What is -9 + 13 - (33 - 36)?
7
Calculate 1 - 2 - (-23 - -19).
3
What is the value of 4 + (-32 - -35) + (0 - 1)?
6
Calculate -20 + (-5 - (12 + -16)) + 3.
-18
What is the value of 16 + 3 